{"id":2671,"date":"2017-06-20T00:09:31","date_gmt":"2017-06-19T22:09:31","guid":{"rendered":"https:\/\/maturite-gymnasiale.ch\/?page_id=2671"},"modified":"2017-06-20T20:33:48","modified_gmt":"2017-06-20T18:33:48","slug":"examens-de-physique-msop","status":"publish","type":"page","link":"https:\/\/maturite-gymnasiale.ch\/?page_id=2671","title":{"rendered":"Maturit\u00e9 sp\u00e9cialis\u00e9e OP"},"content":{"rendered":"","protected":true},"excerpt":{"rendered":"","protected":true},"author":1,"featured_media":0,"parent":0,"menu_order":0,"comment_status":"closed","ping_status":"closed","template":"","meta":{"courseId":0,"footnotes":""},"class_list":["post-2671","page","type-page","status-publish","post-password-required","hentry"],"_links":{"self":[{"href":"https:\/\/maturite-gymnasiale.ch\/index.php?rest_route=\/wp\/v2\/pages\/2671","targetHints":{"allow":["GET"]}}],"collection":[{"href":"https:\/\/maturite-gymnasiale.ch\/index.php?rest_route=\/wp\/v2\/pages"}],"about":[{"href":"https:\/\/maturite-gymnasiale.ch\/index.php?rest_route=\/wp\/v2\/types\/page"}],"author":[{"embeddable":true,"href":"https:\/\/maturite-gymnasiale.ch\/index.php?rest_route=\/wp\/v2\/users\/1"}],"replies":[{"embeddable":true,"href":"https:\/\/maturite-gymnasiale.ch\/index.php?rest_route=%2Fwp%2Fv2%2Fcomments&post=2671"}],"version-history":[{"count":15,"href":"https:\/\/maturite-gymnasiale.ch\/index.php?rest_route=\/wp\/v2\/pages\/2671\/revisions"}],"predecessor-version":[{"id":2711,"href":"https:\/\/maturite-gymnasiale.ch\/index.php?rest_route=\/wp\/v2\/pages\/2671\/revisions\/2711"}],"wp:attachment":[{"href":"https:\/\/maturite-gymnasiale.ch\/index.php?rest_route=%2Fwp%2Fv2%2Fmedia&parent=2671"}],"curies":[{"name":"wp","href":"https:\/\/api.w.org\/{rel}","templated":true}]}}